{"id":1495,"date":"2021-10-24T18:39:09","date_gmt":"2021-10-24T17:39:09","guid":{"rendered":"http:\/\/www.fo-saint-etienne.fr\/fomunvse\/?page_id=1495"},"modified":"2021-10-24T18:39:09","modified_gmt":"2021-10-24T17:39:09","slug":"territoriaux-de-saint-etienne-creation-du-syndicat-fo3-sainte-metro-cite","status":"publish","type":"page","link":"http:\/\/www.fo-saint-etienne.fr\/fomunvse\/?page_id=1495","title":{"rendered":"TERRITORIAUX DE SAINT-\u00c9TIENNE : CR\u00c9ATION DU SYNDICAT FO3 \/ SAINT\u00c9 &#8211; M\u00c9TRO &#8211; CIT\u00c9"},"content":{"rendered":"<p>Une page d&rsquo;histoire a \u00e9t\u00e9 \u00e9crite, le 22 octobre 2021, 3 syndicats FO de Territoriaux de Saint-\u00c9tienne (Mairie de Saint-\u00c9tienne \u2013 Saint-\u00c9tienne M\u00e9tropole \u2013 Cit\u00e9 du Design-ESADSE) ont unis leurs forces et ont constitu\u00e9 le syndicat &#8230;<\/p>\n<p><a href=\"http:\/\/www.fo-territoriaux42.fr\/2021\/10\/23\/territoriaux-de-saint-etienne-creation-du-syndicat-fo3-sainte-metro-cite\/fo3_22oct2021_6\/\" rel=\"attachment wp-att-11515\"><img data-recalc-dims=\"1\" loading=\"lazy\" decoding=\"async\" class=\"aligncenter size-full wp-image-11515\" src=\"https:\/\/i0.wp.com\/www.fo-territoriaux42.fr\/wp-content\/uploads\/2021\/10\/FO3_22oct2021_6.jpg?resize=626%2C258\" alt=\"\" width=\"626\" height=\"258\" \/><\/a>dont <strong>Olivier KARAGUEUZIAN, <\/strong>\u00e9lu par le Conseil Syndical, sera le Secr\u00e9taire G\u00e9n\u00e9ral.<\/p>\n<p>Ce syndicat se subdivise en 4 sections syndicales :<\/p>\n<ul>\n<li>section syndicale des Territoriaux de la Mairie de Saint-\u00c9tienne dont <strong>Odile BESSET<\/strong> a \u00e9t\u00e9 \u00e9lue D\u00e9l\u00e9gu\u00e9e de Section<\/li>\n<li>section syndicale des Territoriaux de Saint-\u00c9tienne M\u00e9tropole dont <strong>David GUIBOUX<\/strong> a \u00e9t\u00e9 \u00e9lu D\u00e9l\u00e9gu\u00e9 de Section<\/li>\n<li>section syndicale des territoriaux de la Cit\u00e9 du Design-ESADSE dont <strong>Jean-Claude PAILLASSON<\/strong> a \u00e9t\u00e9 \u00e9lu D\u00e9l\u00e9gu\u00e9 de Section<\/li>\n<li>section syndicale des Territoriaux Retrait\u00e9s dont <strong>Jean-Paul MAUGIER<\/strong> a \u00e9t\u00e9 \u00e9lu Repr\u00e9sentant de cette Section<\/li>\n<\/ul>\n<p><a href=\"http:\/\/www.fo-territoriaux42.fr\/2021\/10\/23\/territoriaux-de-saint-etienne-creation-du-syndicat-fo3-sainte-metro-cite\/fo3_22oct2021_1\/\" rel=\"attachment wp-att-11516\"><img data-recalc-dims=\"1\" loading=\"lazy\" decoding=\"async\" class=\"aligncenter size-full wp-image-11516\" src=\"https:\/\/i0.wp.com\/www.fo-territoriaux42.fr\/wp-content\/uploads\/2021\/10\/FO3_22oct2021_1.jpg?resize=860%2C349\" alt=\"\" width=\"860\" height=\"349\" \/><\/a><\/p>\n<p><a href=\"http:\/\/www.fo-territoriaux42.fr\/2021\/10\/23\/territoriaux-de-saint-etienne-creation-du-syndicat-fo3-sainte-metro-cite\/fo3_22oct2021_3\/\" rel=\"attachment wp-att-11517\"><img data-recalc-dims=\"1\" loading=\"lazy\" decoding=\"async\" class=\"aligncenter size-full wp-image-11517\" src=\"https:\/\/i0.wp.com\/www.fo-territoriaux42.fr\/wp-content\/uploads\/2021\/10\/FO3_22oct2021_3.jpg?resize=860%2C471\" alt=\"\" width=\"860\" height=\"471\" \/><\/a><\/p>\n<p>Merci \u00e0 tous les participants qui ont accept\u00e9 \u00e0 l&rsquo;unanimit\u00e9 de relever le d\u00e9fi de cette fusion.<\/p>\n","protected":false},"excerpt":{"rendered":"<p>Une page d&rsquo;histoire a \u00e9t\u00e9 \u00e9crite, le 22 octobre 2021, 3 syndicats FO de Territoriaux de Saint-\u00c9tienne (Mairie de Saint-\u00c9tienne \u2013 Saint-\u00c9tienne M\u00e9tropole \u2013 Cit\u00e9 [&#8230;]<\/p>\n","protected":false},"author":1,"featured_media":0,"parent":0,"menu_order":0,"comment_status":"closed","ping_status":"closed","template":"","meta":{"jetpack_post_was_ever_published":false,"footnotes":""},"class_list":["post-1495","page","type-page","status-publish","hentry"],"jetpack_sharing_enabled":true,"jetpack_shortlink":"https:\/\/wp.me\/P9roQz-o7","jetpack_likes_enabled":false,"publishpress_future_action":{"enabled":false,"date":"2026-05-05 18:17:46","action":"change-status","newStatus":"draft","terms":[],"taxonomy":""},"publishpress_future_workflow_manual_trigger":{"enabledWorkflows":[]},"_links":{"self":[{"href":"http:\/\/www.fo-saint-etienne.fr\/fomunvse\/index.php?rest_route=\/wp\/v2\/pages\/1495","targetHints":{"allow":["GET"]}}],"collection":[{"href":"http:\/\/www.fo-saint-etienne.fr\/fomunvse\/index.php?rest_route=\/wp\/v2\/pages"}],"about":[{"href":"http:\/\/www.fo-saint-etienne.fr\/fomunvse\/index.php?rest_route=\/wp\/v2\/types\/page"}],"author":[{"embeddable":true,"href":"http:\/\/www.fo-saint-etienne.fr\/fomunvse\/index.php?rest_route=\/wp\/v2\/users\/1"}],"replies":[{"embeddable":true,"href":"http:\/\/www.fo-saint-etienne.fr\/fomunvse\/index.php?rest_route=%2Fwp%2Fv2%2Fcomments&post=1495"}],"version-history":[{"count":1,"href":"http:\/\/www.fo-saint-etienne.fr\/fomunvse\/index.php?rest_route=\/wp\/v2\/pages\/1495\/revisions"}],"predecessor-version":[{"id":1497,"href":"http:\/\/www.fo-saint-etienne.fr\/fomunvse\/index.php?rest_route=\/wp\/v2\/pages\/1495\/revisions\/1497"}],"wp:attachment":[{"href":"http:\/\/www.fo-saint-etienne.fr\/fomunvse\/index.php?rest_route=%2Fwp%2Fv2%2Fmedia&parent=1495"}],"curies":[{"name":"wp","href":"https:\/\/api.w.org\/{rel}","templated":true}]}}

TERRITORIAUX DE SAINT-ÉTIENNE : CRÉATION DU SYNDICAT FO3 / SAINTÉ &#8211; MÉTRO &#8211; CITÉ

<p>Une page d&rsquo;histoire a été écrite, le 22 octobre 2021, 3 syndicats FO de Territoriaux de Saint-Étienne (Mairie de Saint-Étienne – Saint-Étienne Métropole – Cité du Design-ESADSE) ont unis leurs forces et ont constitué le syndicat &#8230;</p>
<p><a href="http://www.fo-territoriaux42.fr/2021/10/23/territoriaux-de-saint-etienne-creation-du-syndicat-fo3-sainte-metro-cite/fo3_22oct2021_6/" rel="attachment wp-att-11515"><img data-recalc-dims="1" loading="lazy" decoding="async" class="aligncenter size-full wp-image-11515" src="https://i0.wp.com/www.fo-territoriaux42.fr/wp-content/uploads/2021/10/FO3_22oct2021_6.jpg?resize=626%2C258" alt="" width="626" height="258" /></a>dont <strong>Olivier KARAGUEUZIAN, </strong>élu par le Conseil Syndical, sera le Secrétaire Général.</p>
<p>Ce syndicat se subdivise en 4 sections syndicales :</p>
<ul>
<li>section syndicale des Territoriaux de la Mairie de Saint-Étienne dont <strong>Odile BESSET</strong> a été élue Déléguée de Section</li>
<li>section syndicale des Territoriaux de Saint-Étienne Métropole dont <strong>David GUIBOUX</strong> a été élu Délégué de Section</li>
<li>section syndicale des territoriaux de la Cité du Design-ESADSE dont <strong>Jean-Claude PAILLASSON</strong> a été élu Délégué de Section</li>
<li>section syndicale des Territoriaux Retraités dont <strong>Jean-Paul MAUGIER</strong> a été élu Représentant de cette Section</li>
</ul>
<p><a href="http://www.fo-territoriaux42.fr/2021/10/23/territoriaux-de-saint-etienne-creation-du-syndicat-fo3-sainte-metro-cite/fo3_22oct2021_1/" rel="attachment wp-att-11516"><img data-recalc-dims="1" loading="lazy" decoding="async" class="aligncenter size-full wp-image-11516" src="https://i0.wp.com/www.fo-territoriaux42.fr/wp-content/uploads/2021/10/FO3_22oct2021_1.jpg?resize=860%2C349" alt="" width="860" height="349" /></a></p>
<p><a href="http://www.fo-territoriaux42.fr/2021/10/23/territoriaux-de-saint-etienne-creation-du-syndicat-fo3-sainte-metro-cite/fo3_22oct2021_3/" rel="attachment wp-att-11517"><img data-recalc-dims="1" loading="lazy" decoding="async" class="aligncenter size-full wp-image-11517" src="https://i0.wp.com/www.fo-territoriaux42.fr/wp-content/uploads/2021/10/FO3_22oct2021_3.jpg?resize=860%2C471" alt="" width="860" height="471" /></a></p>
<p>Merci à tous les participants qui ont accepté à l&rsquo;unanimité de relever le défi de cette fusion.</p>

<p>Une page d&rsquo;histoire a été écrite, le 22 octobre 2021, 3 syndicats FO de Territoriaux de Saint-Étienne (Mairie de Saint-Étienne – Saint-Étienne Métropole – Cité [&#8230;]</p>
