{"id":2237,"date":"2025-01-13T20:15:12","date_gmt":"2025-01-13T19:15:12","guid":{"rendered":"http:\/\/www.fo-saint-etienne.fr\/fomunvse\/?page_id=2237"},"modified":"2026-03-12T14:53:27","modified_gmt":"2026-03-12T13:53:27","slug":"grilles-indiciaires-carrieres","status":"publish","type":"page","link":"http:\/\/www.fo-saint-etienne.fr\/fomunvse\/?page_id=2237","title":{"rendered":"Grilles indiciaires\/carri\u00e8res"},"content":{"rendered":"<div class=\"art-PostMetadataHeader\"><\/div>\n<div class=\"art-article\">\n<blockquote>\n<h2 id=\"page-title\" class=\"title\" style=\"text-align: center;\"><span class=\"art-PostHeader\" style=\"text-align: center; color: #bf0404;\">Scannez le QR Code ci-dessous pour lire<br \/>\net\/ou t\u00e9l\u00e9charger les livrets (\u00e9dition 2025)<br \/>\net les grilles indiciaires FO<\/span><\/h2>\n<h2 style=\"text-align: center;\"><a href=\"https:\/\/www.foterritoriaux.fr\/grilles-indiciaires\/c\/0\" target=\"_blank\" rel=\"noopener\"><span style=\"color: #bf0404;\"><img data-recalc-dims=\"1\" loading=\"lazy\" decoding=\"async\" class=\"size-medium wp-image-11880 aligncenter\" src=\"https:\/\/i0.wp.com\/www.fo-territoriaux42.fr\/wp-content\/uploads\/2021\/11\/QRcode-260x300.jpg?resize=260%2C300\" alt=\"\" width=\"260\" height=\"300\" \/><\/span><\/a><span style=\"color: #bf0404;\">Ou cliquez sur le QR Code<br \/>\nou sur les liens <\/span><span style=\"color: #bf0404;\">ci-dessous &#8230;<\/span><\/h2>\n<\/blockquote>\n<h2 style=\"text-align: center;\"><span style=\"color: #3366ff;\">Grilles indiciaires<br \/>\nmises \u00e0 jour au 1er janvier 2024<br \/>\n<\/span><\/h2>\n<p>&nbsp;<\/p>\n<\/div>\n<div class=\"views-row views-row-2 views-row-even\">\n<div id=\"node-6356\" class=\"node node-adherents node-teaser clearfix\">\n<h4 style=\"text-align: center;\"><span style=\"text-decoration: underline;\"><a href=\"https:\/\/www.foterritoriaux.fr\/docs\/filiere%20CULT_01.2024.pdf\" target=\"_blank\" rel=\"noopener\"><span style=\"color: #ff0000; text-decoration: underline;\">Fili\u00e8re CULTURELLE<\/span><\/a><\/span><\/h4>\n<\/div>\n<\/div>\n<div class=\"views-row views-row-3 views-row-odd\" style=\"text-align: center;\">\n<div id=\"node-6351\" class=\"node node-adherents node-teaser clearfix\">\n<h4><a href=\"https:\/\/www.foterritoriaux.fr\/docs\/filiere%20TECH_01.2024.pdf\" target=\"_blank\" rel=\"noopener\"><span style=\"text-decoration: underline;\"><span style=\"color: #ff0000; text-decoration: underline;\">Fili\u00e8re TECHNIQUE<\/span><\/span><\/a><\/h4>\n<\/div>\n<\/div>\n<div class=\"views-row views-row-4 views-row-even\" style=\"text-align: center;\">\n<div id=\"node-8742\" class=\"node node-adherents node-teaser clearfix\">\n<h4><span style=\"text-decoration: underline;\"><a href=\"https:\/\/www.foterritoriaux.fr\/docs\/filiere%20ANIM-2024-erratum.pdf\" target=\"_blank\" rel=\"noopener\"><span style=\"color: #ff0000; text-decoration: underline;\">Fili\u00e8re ANIMATION<\/span><\/a><\/span><\/h4>\n<h4><span style=\"text-decoration: underline;\"><a href=\"https:\/\/www.foterritoriaux.fr\/docs\/filiere%20SPORT_01.2024.pdf\" target=\"_blank\" rel=\"noopener\"><span style=\"color: #ff0000; text-decoration: underline;\">Fili\u00e8re SPORTIVE<\/span><\/a><\/span><\/h4>\n<\/div>\n<\/div>\n<div class=\"views-row views-row-5 views-row-odd\" style=\"text-align: center;\">\n<div id=\"node-8152\" class=\"node node-adherents node-teaser clearfix\">\n<h4><span style=\"text-decoration: underline;\"><a href=\"https:\/\/www.foterritoriaux.fr\/docs\/filiere%20ADMIN-2024-erratum.pdf\" target=\"_blank\" rel=\"noopener\"><span style=\"color: #ff0000; text-decoration: underline;\">Fili\u00e8re ADMINISTRATIVE<\/span><\/a><\/span><\/h4>\n<\/div>\n<\/div>\n<div class=\"views-row views-row-6 views-row-odd\" style=\"text-align: center;\">\n<div id=\"node-6358\" class=\"node node-adherents node-teaser clearfix\">\n<h4><span style=\"text-decoration: underline;\"><a href=\"https:\/\/www.foterritoriaux.fr\/docs\/filiere%20MEDICO%20SOC_01.2024.pdf\" target=\"_blank\" rel=\"noopener\"><span style=\"color: #ff0000; text-decoration: underline;\">Fili\u00e8re MEDICO-SOCIALE<\/span><\/a><\/span><\/h4>\n<\/div>\n<\/div>\n<div class=\"views-row views-row-7 views-row-odd\">\n<div id=\"node-6354\" class=\"node node-adherents node-teaser clearfix\">\n<h4 style=\"text-align: center;\"><span style=\"text-decoration: underline;\"><a href=\"https:\/\/www.foterritoriaux.fr\/docs\/filiere%20PM_01.2024.pdf\" target=\"_blank\" rel=\"noopener\"><span style=\"color: #ff0000; text-decoration: underline;\">Fili\u00e8re POLICE MUNICIPALE<\/span><\/a><\/span><\/h4>\n<div class=\"content clearfix\">\n<div class=\"field field-name-field-file field-type-file field-label-hidden\">\n<div class=\"field-items\">\n<div class=\"field-item even\">\n<p>&nbsp;<\/p>\n<div class=\"art-PostMetadataHeader\">\n<h2 class=\"art-PostHeader\" style=\"text-align: center;\">\u00c9chelons et \u00c9chelles<\/h2>\n<\/div>\n<div class=\"art-article\">\n<p><img data-recalc-dims=\"1\" loading=\"lazy\" decoding=\"async\" class=\"aligncenter size-full wp-image-9444\" src=\"https:\/\/i0.wp.com\/www.fo-territoriaux42.fr\/wp-content\/uploads\/2021\/01\/grilles-indiciaires-2.jpg?resize=860%2C788\" alt=\"\" width=\"860\" height=\"788\" \/><\/p>\n<p>&nbsp;<\/p>\n<\/div>\n<\/div>\n<\/div>\n<\/div>\n<\/div>\n<\/div>\n<\/div>\n","protected":false},"excerpt":{"rendered":"<p>Scannez le QR Code ci-dessous pour lire et\/ou t\u00e9l\u00e9charger les livrets (\u00e9dition 2025) et les grilles indiciaires FO Ou cliquez sur le QR Code ou [&#8230;]<\/p>\n","protected":false},"author":1,"featured_media":0,"parent":0,"menu_order":0,"comment_status":"closed","ping_status":"closed","template":"","meta":{"jetpack_post_was_ever_published":false,"footnotes":""},"class_list":["post-2237","page","type-page","status-publish","hentry"],"jetpack_sharing_enabled":true,"jetpack_shortlink":"https:\/\/wp.me\/P9roQz-A5","jetpack_likes_enabled":false,"publishpress_future_action":{"enabled":false,"date":"2026-04-23 11:35:52","action":"change-status","newStatus":"draft","terms":[],"taxonomy":""},"publishpress_future_workflow_manual_trigger":{"enabledWorkflows":[]},"_links":{"self":[{"href":"http:\/\/www.fo-saint-etienne.fr\/fomunvse\/index.php?rest_route=\/wp\/v2\/pages\/2237","targetHints":{"allow":["GET"]}}],"collection":[{"href":"http:\/\/www.fo-saint-etienne.fr\/fomunvse\/index.php?rest_route=\/wp\/v2\/pages"}],"about":[{"href":"http:\/\/www.fo-saint-etienne.fr\/fomunvse\/index.php?rest_route=\/wp\/v2\/types\/page"}],"author":[{"embeddable":true,"href":"http:\/\/www.fo-saint-etienne.fr\/fomunvse\/index.php?rest_route=\/wp\/v2\/users\/1"}],"replies":[{"embeddable":true,"href":"http:\/\/www.fo-saint-etienne.fr\/fomunvse\/index.php?rest_route=%2Fwp%2Fv2%2Fcomments&post=2237"}],"version-history":[{"count":9,"href":"http:\/\/www.fo-saint-etienne.fr\/fomunvse\/index.php?rest_route=\/wp\/v2\/pages\/2237\/revisions"}],"predecessor-version":[{"id":5756,"href":"http:\/\/www.fo-saint-etienne.fr\/fomunvse\/index.php?rest_route=\/wp\/v2\/pages\/2237\/revisions\/5756"}],"wp:attachment":[{"href":"http:\/\/www.fo-saint-etienne.fr\/fomunvse\/index.php?rest_route=%2Fwp%2Fv2%2Fmedia&parent=2237"}],"curies":[{"name":"wp","href":"https:\/\/api.w.org\/{rel}","templated":true}]}}