{"id":2540,"date":"2025-01-21T11:29:14","date_gmt":"2025-01-21T10:29:14","guid":{"rendered":"http:\/\/www.fo-saint-etienne.fr\/fomunvse\/?page_id=2540"},"modified":"2025-01-21T11:29:14","modified_gmt":"2025-01-21T10:29:14","slug":"faq-statutaires-la-demission","status":"publish","type":"page","link":"http:\/\/www.fo-saint-etienne.fr\/fomunvse\/?page_id=2540","title":{"rendered":"FAQ Statutaires : La D\u00e9mission"},"content":{"rendered":"<h2 style=\"text-align: center;\"><i><b><img data-recalc-dims=\"1\" loading=\"lazy\" decoding=\"async\" data-attachment-id=\"2533\" data-permalink=\"http:\/\/www.fo-saint-etienne.fr\/fomunvse\/?attachment_id=2533\" data-orig-file=\"https:\/\/i0.wp.com\/www.fo-saint-etienne.fr\/fomunvse\/wp-content\/uploads\/2025\/01\/FAQ-Statutaires.png?fit=1399%2C410\" data-orig-size=\"1399,410\" data-comments-opened=\"1\" data-image-meta=\"{&quot;aperture&quot;:&quot;0&quot;,&quot;credit&quot;:&quot;&quot;,&quot;camera&quot;:&quot;&quot;,&quot;caption&quot;:&quot;&quot;,&quot;created_timestamp&quot;:&quot;0&quot;,&quot;copyright&quot;:&quot;&quot;,&quot;focal_length&quot;:&quot;0&quot;,&quot;iso&quot;:&quot;0&quot;,&quot;shutter_speed&quot;:&quot;0&quot;,&quot;title&quot;:&quot;&quot;,&quot;orientation&quot;:&quot;0&quot;}\" data-image-title=\"FAQ Statutaires\" data-image-description=\"\" data-image-caption=\"\" data-medium-file=\"https:\/\/i0.wp.com\/www.fo-saint-etienne.fr\/fomunvse\/wp-content\/uploads\/2025\/01\/FAQ-Statutaires.png?fit=300%2C88\" data-large-file=\"https:\/\/i0.wp.com\/www.fo-saint-etienne.fr\/fomunvse\/wp-content\/uploads\/2025\/01\/FAQ-Statutaires.png?fit=860%2C252\" class=\"alignnone wp-image-2533 size-large\" src=\"https:\/\/i0.wp.com\/www.fo-saint-etienne.fr\/fomunvse\/wp-content\/uploads\/2025\/01\/FAQ-Statutaires.png?resize=860%2C252\" alt=\"\" width=\"860\" height=\"252\" srcset=\"https:\/\/i0.wp.com\/www.fo-saint-etienne.fr\/fomunvse\/wp-content\/uploads\/2025\/01\/FAQ-Statutaires.png?resize=1024%2C300 1024w, https:\/\/i0.wp.com\/www.fo-saint-etienne.fr\/fomunvse\/wp-content\/uploads\/2025\/01\/FAQ-Statutaires.png?resize=300%2C88 300w, https:\/\/i0.wp.com\/www.fo-saint-etienne.fr\/fomunvse\/wp-content\/uploads\/2025\/01\/FAQ-Statutaires.png?resize=768%2C225 768w, https:\/\/i0.wp.com\/www.fo-saint-etienne.fr\/fomunvse\/wp-content\/uploads\/2025\/01\/FAQ-Statutaires.png?w=1399 1399w\" sizes=\"auto, (max-width: 860px) 100vw, 860px\" \/><\/b><\/i><\/h2>\n<h2 style=\"text-align: center;\"><i><b>LA D\u00c9MISSION<\/b><\/i><\/h2>\n<h5>La d\u00e9mission permet aux agents territoriaux de rompre, \u00e0 leur initiative, le lien qui les unit \u00e0 leur administration.<\/h5>\n<p><strong><span style=\"color: #800080;\">La d\u00e9mission dans la fonction publique territoriale est r\u00e9gie par les articles L. 551-1 et L. 551-2 du code g\u00e9n\u00e9ral de la fonction publique (CGFP) pour les fonctionnaires titulaires. Le d\u00e9cret n\u00b088-145 du 15 f\u00e9vrier 1988 relatif aux agents contractuels de la fonction publique territoriale r\u00e9glemente quant \u00e0 lui, \u00e0 son article 39, la proc\u00e9dure \u00e0 suivre pour les agents contractuels de droit public.<\/span><\/strong><\/p>\n<p><strong><span style=\"color: #800080;\">Cette foire aux questions a pour objectif d\u2019\u00e9claircir les \u00e9l\u00e9ments proc\u00e9duraux relatifs \u00e0 la d\u00e9mission dans la fonction publique territoriale, et d\u2019\u00e9voquer ses effets.<\/span><\/strong><\/p>\n<div class=\"df-element df-lite\"  data-slug=\"\" data-_slug=\"\" data-title=\"faq-statutaires-la-demission\" id=\"df_2537\" data-option=\"df_option_2537\" ><\/div><script class=\"df-shortcode-script\" type=\"application\/javascript\">window.df_option_2537 = {\"source\":\"http:\\\/\\\/www.fo-saint-etienne.fr\\\/fomunvse\\\/wp-content\\\/uploads\\\/2025\\\/01\\\/FAQ-Demission-2023.pdf\",\"viewerType\":\"flipbook\",\"height\":\"400\",\"slug\":\"\",\"id\":2537}; if(window.DEARPDF && window.DEARPDF.parseElements){window.DEARPDF.parseElements();}<\/script>\n","protected":false},"excerpt":{"rendered":"<p>LA D\u00c9MISSION La d\u00e9mission permet aux agents territoriaux de rompre, \u00e0 leur initiative, le lien qui les unit \u00e0 leur administration. La d\u00e9mission dans la [&#8230;]<\/p>\n","protected":false},"author":1,"featured_media":0,"parent":0,"menu_order":0,"comment_status":"closed","ping_status":"closed","template":"","meta":{"jetpack_post_was_ever_published":false,"footnotes":""},"class_list":["post-2540","page","type-page","status-publish","hentry"],"jetpack_sharing_enabled":true,"jetpack_shortlink":"https:\/\/wp.me\/P9roQz-EY","jetpack_likes_enabled":false,"publishpress_future_action":{"enabled":false,"date":"2026-05-05 15:48:12","action":"change-status","newStatus":"draft","terms":[],"taxonomy":""},"publishpress_future_workflow_manual_trigger":{"enabledWorkflows":[]},"_links":{"self":[{"href":"http:\/\/www.fo-saint-etienne.fr\/fomunvse\/index.php?rest_route=\/wp\/v2\/pages\/2540","targetHints":{"allow":["GET"]}}],"collection":[{"href":"http:\/\/www.fo-saint-etienne.fr\/fomunvse\/index.php?rest_route=\/wp\/v2\/pages"}],"about":[{"href":"http:\/\/www.fo-saint-etienne.fr\/fomunvse\/index.php?rest_route=\/wp\/v2\/types\/page"}],"author":[{"embeddable":true,"href":"http:\/\/www.fo-saint-etienne.fr\/fomunvse\/index.php?rest_route=\/wp\/v2\/users\/1"}],"replies":[{"embeddable":true,"href":"http:\/\/www.fo-saint-etienne.fr\/fomunvse\/index.php?rest_route=%2Fwp%2Fv2%2Fcomments&post=2540"}],"version-history":[{"count":1,"href":"http:\/\/www.fo-saint-etienne.fr\/fomunvse\/index.php?rest_route=\/wp\/v2\/pages\/2540\/revisions"}],"predecessor-version":[{"id":2541,"href":"http:\/\/www.fo-saint-etienne.fr\/fomunvse\/index.php?rest_route=\/wp\/v2\/pages\/2540\/revisions\/2541"}],"wp:attachment":[{"href":"http:\/\/www.fo-saint-etienne.fr\/fomunvse\/index.php?rest_route=%2Fwp%2Fv2%2Fmedia&parent=2540"}],"curies":[{"name":"wp","href":"https:\/\/api.w.org\/{rel}","templated":true}]}}

FAQ Statutaires : La Démission

<h2 style="text-align: center;"><i><b><img data-recalc-dims="1" loading="lazy" decoding="async" data-attachment-id="2533" data-permalink="http://www.fo-saint-etienne.fr/fomunvse/?attachment_id=2533" data-orig-file="https://i0.wp.com/www.fo-saint-etienne.fr/fomunvse/wp-content/uploads/2025/01/FAQ-Statutaires.png?fit=1399%2C410" data-orig-size="1399,410" data-comments-opened="1" data-image-meta="{&quot;aperture&quot;:&quot;0&quot;,&quot;credit&quot;:&quot;&quot;,&quot;camera&quot;:&quot;&quot;,&quot;caption&quot;:&quot;&quot;,&quot;created_timestamp&quot;:&quot;0&quot;,&quot;copyright&quot;:&quot;&quot;,&quot;focal_length&quot;:&quot;0&quot;,&quot;iso&quot;:&quot;0&quot;,&quot;shutter_speed&quot;:&quot;0&quot;,&quot;title&quot;:&quot;&quot;,&quot;orientation&quot;:&quot;0&quot;}" data-image-title="FAQ Statutaires" data-image-description="" data-image-caption="" data-medium-file="https://i0.wp.com/www.fo-saint-etienne.fr/fomunvse/wp-content/uploads/2025/01/FAQ-Statutaires.png?fit=300%2C88" data-large-file="https://i0.wp.com/www.fo-saint-etienne.fr/fomunvse/wp-content/uploads/2025/01/FAQ-Statutaires.png?fit=860%2C252" class="alignnone wp-image-2533 size-large" src="https://i0.wp.com/www.fo-saint-etienne.fr/fomunvse/wp-content/uploads/2025/01/FAQ-Statutaires.png?resize=860%2C252" alt="" width="860" height="252" srcset="https://i0.wp.com/www.fo-saint-etienne.fr/fomunvse/wp-content/uploads/2025/01/FAQ-Statutaires.png?resize=1024%2C300 1024w, https://i0.wp.com/www.fo-saint-etienne.fr/fomunvse/wp-content/uploads/2025/01/FAQ-Statutaires.png?resize=300%2C88 300w, https://i0.wp.com/www.fo-saint-etienne.fr/fomunvse/wp-content/uploads/2025/01/FAQ-Statutaires.png?resize=768%2C225 768w, https://i0.wp.com/www.fo-saint-etienne.fr/fomunvse/wp-content/uploads/2025/01/FAQ-Statutaires.png?w=1399 1399w" sizes="auto, (max-width: 860px) 100vw, 860px" /></b></i></h2>
<h2 style="text-align: center;"><i><b>LA DÉMISSION</b></i></h2>
<h5>La démission permet aux agents territoriaux de rompre, à leur initiative, le lien qui les unit à leur administration.</h5>
<p><strong><span style="color: #800080;">La démission dans la fonction publique territoriale est régie par les articles L. 551-1 et L. 551-2 du code général de la fonction publique (CGFP) pour les fonctionnaires titulaires. Le décret n°88-145 du 15 février 1988 relatif aux agents contractuels de la fonction publique territoriale réglemente quant à lui, à son article 39, la procédure à suivre pour les agents contractuels de droit public.</span></strong></p>
<p><strong><span style="color: #800080;">Cette foire aux questions a pour objectif d’éclaircir les éléments procéduraux relatifs à la démission dans la fonction publique territoriale, et d’évoquer ses effets.</span></strong></p>
<div class="df-element df-lite"  data-slug="" data-_slug="" data-title="faq-statutaires-la-demission" id="df_2537" data-option="df_option_2537" ></div><script class="df-shortcode-script" type="application/javascript">window.df_option_2537 = {"source":"http:\/\/www.fo-saint-etienne.fr\/fomunvse\/wp-content\/uploads\/2025\/01\/FAQ-Demission-2023.pdf","viewerType":"flipbook","height":"400","slug":"","id":2537}; if(window.DEARPDF && window.DEARPDF.parseElements){window.DEARPDF.parseElements();}</script>

<p>LA DÉMISSION La démission permet aux agents territoriaux de rompre, à leur initiative, le lien qui les unit à leur administration. La démission dans la [&#8230;]</p>
